 of (16/(-3))/n*(-21)/2?
5
Let v = -2 + -1. Suppose 917 = -5*o - 20*o + 167. What is the tens digit of (-10)/o - 101/v?
3
Let x = 6363 - -2893. What is the tens digit of x?
5
Suppose 0 = 5*d - 35, 7*d - 4*d + 85271 = 4*p. What is the tens digit of p?
2
Let q(z) = -19*z - 45. Suppose 4*h = -5*k - 70, k + 3*h = 6*h - 14. What is the tens digit of q(k)?
2
Let t(x) = -x**2 - 72*x - 1072. Let h be t(-57). Suppose 416 = -l + i, -5*i + 1667 = -4*l - 0*i. Let z = h - l. What is the units digit of z?
6
Let c be (8 + -4 + -3)*1 - 1. Suppose 2*i + 35 - 3101 = c. What is the thousands digit of i?
1
Suppose 0 = -431*j + 7965525 + 11610064. What is the units digit of j?
9
Suppose 0 = z + 4 - 14. Suppose -z*r = -6*r. Suppose 2*n + l - 171 = r, -2*n + n + 2*l + 83 = 0. What is the units digit of n?
5
Let n(h) = -114 + 235 + 213 + 91*h + 10*h. What is the units digit of n(10)?
4
Let y be 1*(-1 + -1)*(-1)/(-2). Let h be ((-3)/9*y)/((-1)/1293). Let r = 616 + h. What is the hundreds digit of r?
1
Let v(c) = 6*c**3 + 14*c**2 + 116*c - 372. What is the thousands digit of v(18)?
1
Let f(z) = -z**2 - 16*z - 30. Let r be f(-10). Suppose -9*o = r - 300. What is the units digit of o?
0
What is the tens digit of ((-66368008)/(-80))/29 + (-3)/(-30)?
0
Let f(s) = 898*s**2 - 239*s + 1667. What is the ten thousands digit of f(7)?
4
Let d = 30883 - 17387. What is the ten thousands digit of d?
1
Let l = 319 + -574. What is the tens digit of l/(4/8 + -2) - -4?
7
Let o(y) = -7*y**3 - 103*y**2 - 661*y + 7. What is the thousands digit of o(-21)?
3
Suppose 8*u + 31*q = 32*q + 282070, 5*u - 176285 = 5*q. What is the units digit of u?
9
Let s = 81 + -56. Suppose -4*d + 9*d = s. Suppose 198 = d*g - 312. What is the units digit of g?
2
Let b(u) = u**2 + 23*u - 47. Let p be b(-25). What is the hundreds digit of ((p - -1)/(-2))/(120/(-71700))?
1
Let s = -277 - -283. Let y(u) = 4*u**3 - 7*u**2 + 6*u - 6. Let l be y(4). What is the units digit of 3/s*(l - -2)?
2
Let i be 25/7 + (-8)/14. What is the units digit of 1869 - (8 + i - 3)?
1
Suppose 2*t = 3*p + 451, 3*t - 7*p = -5*p + 679. Suppose 3*n = 4*b - t, 284 = 5*b - 7*n + 3*n. What is the units digit of b?
6
Let a = 9249 - -6708. What is the thousands digit of a?
5
Let y(b) = -3725*b**3 + b + 3. What is the thousands digit of y(-1)?
3
Let k = -444 - -455. Suppose -6680 = -19*c + k*c. What is the units digit of c?
5
What is the units digit of (-64)/((-3 - 7)/430)?
2
Let q(g) be the first derivative of g**4/4 - 13*g**3/3 + 2*g**2 + 11*g + 2. Let y be 384/30 - 10/(-50). What is the tens digit of q(y)?
6
Let q = 750 + -1300. Let c = 1597 + q. What is the hundreds digit of c?
0
Let n = -76 + 80. Suppose 61 = d - n*u, u + 225 = -5*d + 635. Let l = 104 - d. What is the units digit of l?
3
Suppose -7*g + 3 = -6*g. Let q = 13 + -11. Suppose g*o = -5*d + 276, d + d = q*o - 200. What is the units digit of o?
7
Let o = 150 - -373. Let f = o + -144. What is the tens digit of f?
7
Let n be (-2 - 22/(-10))*0. Suppose 1071 = 3*r - d + 4*d, n = 2*r - d - 702. What is the hundreds digit of r?
3
Let l(d) be the second derivative of -31*d**3/3 + 19*d**2/2 - 89*d. What is the units digit of l(-4)?
7
Let d(z) = z**2 - 3*z - 1. Let m(j) = -j**3 + 26*j**2 - 32*j + 18. Let c(y) = -4*d(y) + m(y). Suppose 3*s = -s + 84. What is the units digit of c(s)?
3
Let q(y) = 198*y**2 + 6*y + 4. Suppose -8*i + 24 = 40. What is the units digit of q(i)?
4
Let l = -78420 + 132982. What is the tens digit of l?
6
Suppose 3*z = -96 + 96. Suppose 3*q - 2*v - 152 = z, 0*q - q + 44 = -4*v. Let a = 64 - q. What is the tens digit of a?
1
Let j(i) = 11*i**2 - 85*i - 26. What is the units digit of j(18)?
8
Suppose 5*m - 36430 = -r, 4*r - 18558 + 3986 = -2*m. What is the tens digit of m?
8
Suppose -i = -5*n - 35, -n - 4*i - 4 = -3*n. Let m = 148 + -152. What is the tens digit of -1 + m/n*140?
6
Let t(v) be the third derivative of 101*v**4/24 - 3*v**3/2 - 254*v**2. What is the units digit of t(5)?
6
Suppose -5*j - 3*t + 893 + 10530 = 0, -3*t - 11417 = -5*j. What is the hundreds digit of j?
2
Let s be 16/104 - 28/13 - 873. Let g = s + 1359. What is the tens digit of g?
8
Let c be (-1 + -3 - -12) + (-8)/2. Let h = -4 + c. Suppose h = -10*z + 211 + 469. What is the units digit of z?
8
Let q(s) be the second derivative of 79*s**7/2520 - s**6/720 - 19*s**4/12 + 16*s. Let g(m) be the third derivative of q(m). What is the units digit of g(-1)?
0
Suppose -44 + 41 = -a. Let v(n) = 4*n**3 - 4*n**2 - 2*n + 7. What is the tens digit of v(a)?
7
What is the thousands digit of (4 + (-40)/6)*(-9)/6 + 60106?
0
Let p = 103 - 20. Let s(r) = -137*r - 614. Let n be s(-4). Let x = n + p. What is the units digit of x?
7
Suppose -125 + 213 = 4*u. Suppose 4628 - 536 = u*v. What is the tens digit of v?
8
Let y = 48251 - -3672. What is the hundreds digit of y?
9
Let x(a) = -a**3 + 30*a**2 - 4*a + 75. Let s be x(30). Let l = s - -111. What is the units digit of l?
6
Let a(g) = -g**3 - g**2 + 252. Let v(s) = -4*s - 16. Let k be v(-4). Let y be a(k). Let m = y + -107. What is the tens digit of m?
4
Let w = 12892 + -4275. What is the tens digit of w?
1
Let p(h) = 9*h - 28. Let z be p(5). Let y(g) = g**3 - 18*g**2 + 38*g - 11. What is the hundreds digit of y(z)?
3
Let n be 40 - (11/3 + (-4)/6). Let g(u) = -u**3 + 34*u**2 + 119*u - 11. What is the units digit of g(n)?
5
Let b(l) = 7090*l - 1482. What is the thousands digit of b(2)?
2
Suppose 3912 = -14*a + 2*a. Let s = a + 678. What is the hundreds digit of s?
3
Let p be (-2812)/20 - 15/(-25). Let z be 8/16*(-2 + p). Let y = 84 - z. What is the units digit of y?
5
Let u = -1096 + 2721. Suppose -5*z + 350 + u = 5*w, -w + 387 = -3*z. What is the tens digit of w?
9
What is the tens digit of (-5712575)/(-300) + (-1)/(-12)?
4
Let x be -312*(-5)/(70/21). Let z = x - 138. What is the hundreds digit of z?
3
Suppose -93*x + 2775397 = 74*x + 432554. What is the tens digit of x?
2
Suppose -2*h = -5*s + 23, 18*s - h - 14 = 15*s. Suppose -5*j = 4*v - 796, 4*j + 1032 = s*v + j. What is the units digit of v?
4
Suppose 0 = 6230*m - 6206*m - 541104. What is the ten thousands digit of m?
2
Suppose -81*f - 123*f + 11855460 = 0. What is the thousands digit of f?
8
Suppose 15*s - 5 = 14*s. Suppose a - 5*y - 1465 = -3*y, -s = -5*y. What is the hundreds digit of a?
4
Suppose -34953 = -17*w + 11*w + 241665. What is the ten thousands digit of w?
4
Let v(s) = 2*s**2 + 31*s + 690. What is the hundreds digit of v(36)?
3
Let q = 22520 - 11223. What is the thousands digit of q?
1
Suppose -71*d = -35*d - 703440. What is the units digit of d?
0
Let n(q) = q**2 + 14*q + 79. Let m be n(-33). Let g = m - 629. What is the units digit of g?
7
Let x(h) = -10*h - 79. Let i be x(-11). Suppose 15*r - i*r = -1632. What is the hundreds digit of r?
1
Suppose -24*k + 24300 = k. Suppose -2*o + 222 + k = 0. What is the hundreds digit of o?
5
Let o = 4190 + -1251. What is the tens digit of o?
3
What is the units digit of (-63454)/(-4) + ((-44)/(-24))/((-99)/(-27))?
4
Suppose -5*j - 4*r + 95083 = 0, -7*r - 76016 = -4*j - 3*r. What is the thousands digit of j?
9
Let a = 925 - 488. Suppose -a = -n - 4*m + 186, -4*n + 2432 = m. What is the units digit of n?
7
Let u(y) = -2*y**2 - 46*y - 43. Let m be u(-21). Let n = m + -19. What is the units digit of n?
2
Let s(g) = -g**3 - 6*g**2 - 6*g - 10. Let m be s(-6). Let q(a) = m - 3*a + 2*a + 21. What is the units digit of q(-22)?
9
Suppose 0 = 13*w - 7*w - 426. Let c = 112 + w. What is the units digit of c?
3
What is the thousands digit of 934154/50 - (-288)/(-3600)?
8
Suppose 0 = 2*l - b - 1278, -1940 = -4*l - 5*b + 602. What is the units digit of l?
8
Let w = 233 - 229. What is the units digit of 8 - 15/2 - (-1526)/w?
2
Let s = 0 - 5. Suppose -a = 2*i - 72, -2*i = -2*a + 177 - 3. What is the units digit of (-2)/(-1) + (a - (s + 2))?
7
Let a be (9/2)/(-3) - (-415)/(-166). What is the hundreds digit of (-6)/1*(a + -3 + -96)?
6
Let r(l) = -l + 5. Let t be r(0). Let z(y) = 5*y + 2668*y**2 - 2667*y**2 - y + 7. What is the tens digit of z(t)?
5
Let j(t) = -t**2 + 2*t + 10. Suppose 0 = -3*s + 4*s. Let o be j(s). Let q = o - -4. What is the units digit of q?
4
Let f(x) be the first derivative of 13*x**3/3 + 2*x**2 + 27*x - 41. Let w be f(-10). Suppose 3*b = -6*b + w. What is the te